e the first derivative of j**2/2 + 4*j - 5. Determine f(v).
-1
Let b(z) = 82 - 2*z - 53 - 178 + 14*z. Calculate b(12).
-5
Let y(j) be the second derivative of -j**4/12 + j**3/3 + 8*j**2 + 645*j. Calculate y(-5).
-19
Let k = -11753 + 11763. Let r(o) = 37*o - 365. What is r(k)?
5
Let s(w) = -7189*w**3 - 14*w**2 - 7199*w**3 + 14389*w**3 - 29 + 17*w. Determine s(13).
23
Let q(y) = 2*y**2 + 24*y - 9. Let p be q(-10). Let a = 55 + p. Suppose -a*h = -h - 15. Let l(j) = j**3 - 5*j**2 + 4*j - 3. Calculate l(h).
-9
Suppose 4*d + 9 = -7. Let u(t) = -37. Let v(h) = 2*h + 32. Let x(f) = u(f) + v(f). Calculate x(d).
-13
Let t = -17137 + 17140. Let s(i) = i**2 + 4*i - 24. Give s(t).
-3
Let t(u) = -3 + 982*u**2 + 4*u - 6*u - 993*u**2 - 3*u + 2*u. Give t(-3).
-93
Suppose 3*s + 1 = -4*y, -2*y + 3*y - 2 = 0. Let k(p) be the first derivative of -p**4/4 - 4*p**3/3 - p**2 + 2*p + 31. What is k(s)?
-1
Let f(k) = -9*k + 18. Let q(n) = 3*n - 6. Let m(i) = -4*f(i) - 11*q(i). Give m(9).
21
Let x(z) = -45*z**2 - 34*z. Let y be x(-1). Let l(r) = -r**2 - 3*r + 16. Give l(y).
-72
Let x be (-1 - (-1)/2)*6. Let h(u) = -8*u + 33. Let f(t) = -18*t + 30*t - 4*t - 7*t - 6. Let o(m) = -6*f(m) - h(m). Give o(x).
-3
Let r be (10 + -4)*-1 + (9 + -3 - 0). Let t(z) = -2*z**3 - z - 9. Calculate t(r).
-9
Suppose -8 = 3*s - 3*c + 1, -c = -5*s - 23. Let a(b) = -7*b - 5. Let p(j) = 9*j + 7. Let g(y) = 6*a(y) + 5*p(y). What is g(s)?
-10
Let u be -3*17/(18/(-12)*2). Let q(m) = 6*m - 109. What is q(u)?
-7
Let m(b) be the third derivative of b**5/5 - b**4/4 + 3*b**3/2 - 141*b**2 - 3*b - 2. Calculate m(2).
45
Let m(b) = -2*b + 19. Let n(p) = -69*p + 56. Let w be n(-5). Let z = -388 + w. Calculate m(z).
-7
Let p(d) = -5*d**3 + 201*d**2 - 38*d - 83. Let w(l) = 929*l + 969. Let o be w(-1). Determine p(o).
-3
Suppose 5*a - 5 = -x, a + 2*a = -2*a. Let v(l) = 12*l - 61. Calculate v(x).
-1
Let m(j) = 2*j**2 - 26*j + 4. Let l = 34780 + -34769. What is m(l)?
-40
Let v(p) = -2 - p - 1 + 2*p + 2. Suppose 97 = 30*s + 7. Determine v(s).
2
Suppose -2*l + 2*x = x - 6, 2*x = -4*l + 12. Let t(m) = -1 - 4*m - 4 + l - m. Determine t(-6).
28
Let m(c) = 5*c - 141. Let j = 13413 + -13380. Calculate m(j).
24
Let m(w) = 12*w - 13. Let k(j) = -6*j + 31. Let o(h) = -18*h + 87. Let f(b) = -8*k(b) + 3*o(b). Let p(n) = 3*f(n) + 2*m(n). Determine p(-4).
-11
Suppose -2*z + 2*c = -130 - 166, -3*z - 5*c = -412. Let j(a) = -z - a - 145 + 278. Let t = 6 - 11. What is j(t)?
-6
Let y = 32 - 30. Let g(l) be the third derivative of 5*l**4/24 + l**3/6 + l**2 + 2. Give g(y).
11
Let m = -69 + 72. Let n be (8/(-24)*6)/((-1)/m). Suppose -n*j + j = -25. Let z(l) = -l**3 + 4*l**2 + 3*l + 6. Determine z(j).
-4
Let w(l) be the first derivative of -l**4/4 + 4*l**3/3 + 4*l**2 + 21*l + 7192. Calculate w(6).
-3
Let t(w) = -5*w + 27. Let k(r) = -2*r + 2. Let h(f) = -4*k(f) + t(f). Give h(-4).
7
Let t(o) = o**2 - 36*o + 315. Let u be t(15). Let m(s) = s + 11. What is m(u)?
11
Suppose 2*m - 3*m = h + 1, 5*m = -3*h - 13. Let g be ((-3 - -1) + h)*1. Let t(w) = -16 + 6 + 11 + w**g + 6*w. Give t(-4).
-7
Let v(p) = 8*p + 13 - 3*p - 7 + p**2 - 21 + 20. Give v(-5).
5
Let p(i) = -i**3 - 30*i**2 - 34*i - 14. Let k be p(-29). Let d = k + -130. Let h(g) = -23*g**2 + 1. Calculate h(d).
-22
Let j = 2059 + -2051. Let d(n) = -16*n + 132. What is d(j)?
4
Let v(u) be the first derivative of 2*u**2 + 79*u - 1836. Determine v(-21).
-5
Suppose 0 = 26*f - 21*f - 135. Let p(a) = 10*a + 26*a**2 - f*a**2 - 3 - 2. Calculate p(10).
-5
Let c(b) be the second derivative of -1/20*b**5 + 0*b**3 - 2*b**2 - 45*b + 0 + 1/12*b**4. Give c(3).
-22
Suppose -3*a = k - 1, -5*a - 4 = -k - 3. Let m(s) = -s**2 + 3*s - 7. Calculate m(a).
-7
Suppose 24 = 5*a - b, a + 3 = -2*b - 1. Suppose 5*v - 9 = a*h - 0*h, 0 = 2*v + 5*h - 30. Let x(j) = 0 + 2 + j + 0. Give x(v).
7
Let v be (-285)/(-55) - (-64)/(-352). Let s(k) = k**2 + k - 39. Calculate s(v).
-9
Let t(f) be the first derivative of 19*f**2/2 + 42*f - 5805. Calculate t(-2).
4
Let v(f) = -8977*f**3 + 8978*f**3 + 32*f**2 - 12*f - 17 + 11*f. What is v(-32)?
15
Let t(o) be the third derivative of o**4/8 - o**3/6 + 13*o**2. Let y = -51 + 37. Let c be y/4 - -4 - 5/(-2). What is t(c)?
8
Let u(m) = m**2 - 4*m - 32. Let v be 8/8 - (56/7 - 2). Calculate u(v).
13
Let y(u) = 3*u**2 + u + 1. Let h(g) = 13*g**2 + 4*g + 1. Let b(a) = 2*a**2 + 3*a + 4. Let j be b(0). Let d(l) = j*y(l) - h(l). Determine d(3).
-6
Let d(i) = -i**2 + 529*i + 2678. Let j be d(-5). Let b(k) be the third derivative of -j*k**2 + 0*k + 7/6*k**3 - 1/24*k**4 + 0. Determine b(5).
2
Let v = -24 + 23. Let u(h) = -17*h - 2. Let w be u(v). Let n be 24/w - 4/(-10). Let m(x) = 2*x**3 - x**2 - 2*x. What is m(n)?
8
Suppose 0 = 2*p - 3*p + 7. Let m = p - 11. Let z(l) be the second derivative of -l**5/20 - l**4/4 - l**3/6 + l**2/2 + 2*l + 11. Determine z(m).
21
Let x(l) = 24*l - 310. Let w be x(13). Let r(g) be the first derivative of -1/3*g**3 - 3*g + 4*g**w - 3. Give r(6).
9
Let c(x) = 25*x**3 - 9*x + 17*x - 8*x**2 - 26*x**3. Let k(j) = 5*j + 2. Let p be k(-2). Let o(g) = 2*g + 7. Let y be o(p). Give c(y).
9
Let d(l) = -l**2 + 9*l + 54. Let h(x) = -1567*x - 12536. Let r be h(-8). Calculate d(r).
54
Let i = -6 - -6. Suppose 300*n - 280 = 296*n. Let b(r) = r**3 + n - 31 - 46. Calculate b(i).
-7
Let c(h) = 5*h**2 - 62*h + 6. Let f(z) = -z**2 + 21*z - 1. Let o(v) = -2*c(v) - 7*f(v). Calculate o(-9).
-41
Let n(s) = 5*s - 2. Let y(i) = -i**3 - 5*i**2 + 14*i - 2. Suppose -u - 40 = 4*r - 5*u, -r + 2*u = 13. Let g be y(r). Calculate n(g).
-12
Let z(v) be the second derivative of v**5/20 + 4*v**4/3 + 17*v**3/6 - 17*v**2/2 - 5*v + 40. What is z(-15)?
-47
Let u(c) = c. Let j(n) = -9*n - 2. Let g(w) = -w**2 - 10*w + 37. Let m be g(-17). Let p = m - -76. Let l(a) = p*u(a) - j(a). Determine l(3).
11
Let i(l) = 51*l + 308. Let u be i(-6). Let g be (36/(-4))/(u - 3). Let o(c) = -c**3 + 9*c**2 + c + 8. Determine o(g).
17
Suppose 78*k + 318 = 102*k - 66. Let l(i) = i**2 - 15*i - 11. Determine l(k).
5
Let z(o) = -o - 6. Let f = 25 + -16. Suppose -3*q + 0*q = -f. Suppose x = 2*l - q*l - 15, 0 = l - 2*x + 3. Calculate z(l).
5
Let v(w) = -65827 + 65785 - w + 4*w + w**2. What is v(-8)?
-2
Let g(a) = 27*a - 16. Let h(v) = -80*v + 54. Let z(f) = 7*g(f) + 2*h(f). Determine z(-2).
-62
Let b(z) = -z + 2. Let o(c) = -17*c + 11. Let l(g) = 6*b(g) - o(g). Suppose 4*x = -14 - 6. Let i(m) = -10*m - 1. Let j(w) = x*l(w) - 6*i(w). Calculate j(2).
11
Let s(x) = 2 + 3*x**2 - x**2 - 796*x + 1607*x - 785*x. Determine s(-13).
2
Let v(t) = -5*t + 3. Let c(s) = -s - 1. Let g(h) = -h**3 + 11*h**2 - 2*h - 22. Let y(d) = 5*c(d) + g(d). Let n be y(9). Let w be n/(-16)*12/(-9). What is v(w)?
-27
Suppose -5*f = -f + 164. Let g = 32 + f. Let i be g - -9 - (2 + 0). Let s(x) = 6*x**2 + x + 1. Give s(i).
23
Let s(q) = -25 + 2*q + 98 + 7 - q**3. Let w be s(0). Let c be (-38)/(-247) - w/13. Let l(m) = -m**3 - 5*m**2 + 3*m + 2. Calculate l(c).
20
Suppose -8*p = -26*p + 162. Let z(r) = r**3 - 10*r**2 + 9*r - 7. Calculate z(p).
-7
Let n(l) = l**3 + 7*l**2 - 83*l - 281. Let q be n(-12). Let a(c) = -9*c - 43. Determine a(q).
2
Let v(s) = 26*s - 1. Let b(k) = 49*k - 5. Let a(g) = -b(g) + 2*v(g). Determine a(-8).
-21
Let t be 20/9 - (-12)/(-54). Let y(z) = -13*z**2 - 3 - 5 + 0 - z**3 - 14*z - z**t. Let x be y(-13). Let f(a) = 3*a - 5. What is f(x)?
10
Let v(g) = 5*g**2 + 149*g - 14. Let z be v(-30). Let m(x) = 2*x**2 - 29*x - 43. Calculate m(z).
5
Let j(g) = -11*g + 40. Let n(x) = 23*x - 93. Let a(k) = 7*j(k) + 3*n(k). What is a(-1)?
9
Let j(b) = -b**3 + 2*b**2 + 3*b - 6. Let s = -42 + 48. Let f = s - 3. Calculate j(f).
-6
Suppose b - w + 5 = 0, 4*b + 58*w = 60*w - 34. Let a(i) = -i - 35. Determine a(b).
-23
Let z(u) = -u**2 + 2*u - 2. Suppose -370 = -3*f + 32. Let l = f - 131. Give z(l).
-5
Let m(a) = -a + 25 + 30 + 32 + 31 - 140 + 35. Let x be 9/2*16/6. What is m(x)?
1
Let t(b) be the second derivative of -1/20*b**5 - 5/2*b**2 + b + 1 - 7/6*b**3 - 7/12*b**4. Determine t(-6).
1
Let w = -321 + 321. Let j(c) = c**3 - c + 8. What is j(w)?
8
Suppose 0 = 3*x - 15 - 18. Let n(v) = 33*v - 27. Let y(l) = 29*l - 25. Let g(w) = 7*n(w) - 8*y(w). What is g(x)?
0
Let w = 1243 - 1237. Let p(c) = c**3 - 9*c**2 - 2*c + 7. Calculate p(w).
-113
Let f(q) = -q**2 - 3*